{"version":"1.0","provider_name":"Az \u00e9let sz\u00e9p :)","provider_url":"https:\/\/vada.cafeblog.hu","author_name":"vada","author_url":"https:\/\/vada.cafeblog.hu\/author\/vada\/","title":"Miniversum-ba j\u00e1rtunk :)","html":"Tegnap munka ut\u00e1n h\u00e1tunkra vett\u00fck a v\u00e1rost, \u00e9s elment\u00fcnk a Miniversumba. El\u0151sz\u00f6r mi az Andr\u00e1ssy \u00faton elhaladva vett\u00fck \u00e9szre, hogy ott van a v\u00e1ros sz\u00edv\u00e9ben. Majd a p\u00e1rom mondta, hogy \"jah arr\u00f3l olvastam az index.hu-n\". Megbesz\u00e9lt\u00fck, hogy egyszer megn\u00e9zz\u00fck, \u00e9s ennek a napja tegnap\u00a0 d\u00e9lut\u00e1n meg is t\u00f6rt\u00e9nt.\r\n\r\nAz els\u0151 sokk a 1900,-os jegy\u00e1r volt, fejenk\u00e9nt. Majd a t\u00e1sk\u00e1t ott kellett hagyni a bej\u00e1rati \"ruhat\u00e1rba\".\r\n\r\nBel\u00e9pt\u00fcnk a kapun, \u00e9s l\u00e1ttuk a maketteket. \u00c9n pesti-l\u00e1ny...r\u00f6gt\u00f6n t\u00e9rk\u00e9pre vetettem szemem el\u0151tt hogy Budapest de csod\u00e1s. A Vajdahunyad v\u00e1r, majd Nyugati t\u00e9rhez kicsit k\u00f6zelebb tett\u00e9k az Andr\u00e1ssy utat, de a vonatok m\u00e1r vitt\u00e9k is tov\u00e1bb a szem\u00fcnket.\r\n\r\n<a href=\"https:\/\/vada.cafeblog.hu\/files\/2014\/05\/nyugati.jpg\"><img class=\"aligncenter size-medium wp-image-184\" src=\"https:\/\/vada.cafeblog.hu\/files\/2014\/05\/nyugati-300x168.jpg\" alt=\"nyugati\" width=\"300\" height=\"168\" \/><\/a>\r\n\r\nSopronban is j\u00e1rtunk. Nagyon szimpatikus volt, hogy gondoltak a gyerekre \u00e9s az alacsony emberekre, mert fel lehetett l\u00e9pni egy fell\u00e9p\u0151re, ahonnan bel\u00e1ttad az eg\u00e9sz makett t\u00e1jat. Kicsi vagyok, \u00fagy hogy ez nekem \u00f3ri\u00e1si \u00e9lm\u00e9nyt adott, meg furcsa tekintetek is :)\r\n\r\n<img class=\"aligncenter size-medium wp-image-185\" src=\"https:\/\/vada.cafeblog.hu\/files\/2014\/05\/unnamed-300x168.jpg\" alt=\"unnamed\" width=\"300\" height=\"168\" \/>\r\n\r\n\u00dagy \u00e9reztem magamat mint egy gyerek a j\u00e1t\u00e9kboltban.\r\n\r\n<a href=\"https:\/\/vada.cafeblog.hu\/files\/2014\/05\/hegyek.jpg\"><img class=\"aligncenter size-medium wp-image-189\" src=\"https:\/\/vada.cafeblog.hu\/files\/2014\/05\/hegyek-168x300.jpg\" alt=\"hegyek\" width=\"168\" height=\"300\" \/><\/a>\r\n\r\nNagyon j\u00f3 volt, hogy az \u00fat ment\u00e9n voltak mindenf\u00e9le dobozok, mindenf\u00e9le sz\u00ednk\u00f6r\u00f6kkel, a sz\u00edneket megnyomva l\u00e1ttad a f\u00e9nyeket, vagy ahogy a t\u0171zolt\u00f3 oltja az \u00e9g\u0151 h\u00e1zat, hallottad a kakas kukor\u00e9kol\u00e1st, \u00e9s a d\u00f6rg\u00e9st, illetve valami megmozdult.\r\n\r\n<a href=\"https:\/\/vada.cafeblog.hu\/files\/2014\/05\/kocsik.jpg\"><img class=\"aligncenter size-medium wp-image-187\" src=\"https:\/\/vada.cafeblog.hu\/files\/2014\/05\/kocsik-300x168.jpg\" alt=\"kocsik\" width=\"300\" height=\"168\" \/><\/a>\r\n\r\nMagyarorsz\u00e1got elhagyva, \u00faj orsz\u00e1gba l\u00e9pt\u00fcnk \u00e9s emelkedtek a hegyek. Ausztria, B\u00e9cs, majd N\u00e9metorsz\u00e1gba \u00e9rt\u00fcnk. Zseni\u00e1lis volt, \u00e9s cukik voltak a \"jelenetek\".\r\n\r\n<a href=\"https:\/\/vada.cafeblog.hu\/files\/2014\/05\/megf\u00e1radt-h\u00e1z.jpg\"><img class=\"aligncenter size-medium wp-image-188\" src=\"https:\/\/vada.cafeblog.hu\/files\/2014\/05\/megf\u00e1radt-h\u00e1z-300x168.jpg\" alt=\"megf\u00e1radt h\u00e1z\" width=\"300\" height=\"168\" \/><\/a>\r\n\r\nDe a legjobb a v\u00e9ge volt. Az egyik kedves \u00fariembert kifaggattam, err\u0151l az eg\u00e9szr\u0151l.\r\n\r\n<a href=\"https:\/\/vada.cafeblog.hu\/files\/2014\/05\/m\u00e1szok.jpg\"><img class=\"aligncenter size-medium wp-image-190\" src=\"https:\/\/vada.cafeblog.hu\/files\/2014\/05\/m\u00e1szok-168x300.jpg\" alt=\"m\u00e1szok\" width=\"168\" height=\"300\" \/><\/a>\r\n\r\nElmondta, hogy az orsz\u00e1g legjobb makettes ember\u00e9b\u0151l kiv\u00e1lasztottak 12 embert, akik azt amit l\u00e1ttunk 9 h\u00f3napig \u00e9p\u00edtett\u00e9k. Lehetett l\u00e1tni a m\u0171szaki h\u00e1tter\u00e9t az eg\u00e9sznek, a kis kamer\u00e1val egy olyan vil\u00e1got ami a makettek alatt futott, mes\u00e9ltek az \u00e1ramr\u00f3l, a monitorokon mi t\u00f6rt\u00e9nik, hogy milyen gondot jelent egy \u00e1ramsz\u00fcnet, hogy viccelik meg \u0151ket a vonatok, ha nem fogadj\u00e1k a parancssort. Nagyon \u00e9rdekes volt a sr\u00e1cokkal besz\u00e9lgetni, \u00e9s ez\u00faton is k\u00f6sz\u00f6net a v\u00e1laszok\u00e9rt. Nem \u00e1rulok el mindent, mert akkor nem fogtok vel\u00fck besz\u00e9lgetni...pedig \u00e9rdemes. Irigyl\u00e9sre m\u00e9lt\u00f3 az amit alkottak. Gratul\u00e1lok.\r\n\r\nAki elmegy, \u00e9s akar egy kicsit j\u00e1tszani, az keress meg a dinoszauruszokat Magyarorsz\u00e1gon, Milka tehenet Ausztri\u00e1ban, \u00e9s 18-as karik\u00e1s jeleneteket :) Direkt nem mutatom meg a k\u00e9pet...mi megtal\u00e1ltuk :)\r\n\r\nK\u00f6sz\u00f6net a <a href=\"http:\/\/www.miniversum.hu\/bemutatkozas\" target=\"_blank\">Miniversum<\/a>nak az \u00e9lm\u00e9ny\u00e9rt :)\r\n\r\nVAda\r\n\r\nUi: Elk\u00fcldtem nekik a bejegyz\u00e9st, \u00e9s ezt a v\u00e1laszt kaptam...annyira \u00e9desek! J\u00f3 hogy vannak m\u00e9g j\u00f3 helyek Budapesten, j\u00f3 fej emberekkel :) Boldogs\u00e1g!! :D\r\n\"Kedves VAda!\r\nK\u00f6sz\u00f6nj\u00fck a besz\u00e1mol\u00f3t, \u00e9s \u00f6r\u00fcl\u00f6k, hogy ilyen pozit\u00edv \u00e9lm\u00e9nyekkel t\u00e1voztatok!\r\n\u00dcdv\u00f6zlettel: Attila\"","type":"rich","thumbnail_url":"https:\/\/vada.cafeblog.hu\/files\/2014\/05\/nyugati-150x150.jpg","thumbnail_width":150,"thumbnail_height":150}

Az élet szép :)

Miniversum-ba jártunk :)

Tegnap munka után hátunkra vettük a várost, és elmentünk a Miniversumba. Először mi az Andrássy úton elhaladva vettük észre, hogy ott van a város szívében. Majd a párom mondta, hogy "jah arról olvastam az index.hu-n". Megbeszéltük, hogy egyszer megnézzük, és ennek a napja tegnap  délután meg is történt.

Az első sokk a 1900,-os jegyár volt, fejenként. Majd a táskát ott kellett hagyni a bejárati "ruhatárba".

Beléptünk a kapun, és láttuk a maketteket. Én pesti-lány...rögtön térképre vetettem szemem előtt hogy Budapest de csodás. A Vajdahunyad vár, majd Nyugati térhez kicsit közelebb tették az Andrássy utat, de a vonatok már vitték is tovább a szemünket.

<a href="https://vada.cafeblog.hu/files/2014/05/nyugati.jpg"><img class="aligncenter size-medium wp-image-184" src="https://vada.cafeblog.hu/files/2014/05/nyugati-300x168.jpg" alt="nyugati" width="300" height="168" /></a>

Sopronban is jártunk. Nagyon szimpatikus volt, hogy gondoltak a gyerekre és az alacsony emberekre, mert fel lehetett lépni egy fellépőre, ahonnan beláttad az egész makett tájat. Kicsi vagyok, úgy hogy ez nekem óriási élményt adott, meg furcsa tekintetek is :)

<img class="aligncenter size-medium wp-image-185" src="https://vada.cafeblog.hu/files/2014/05/unnamed-300x168.jpg" alt="unnamed" width="300" height="168" />

Úgy éreztem magamat mint egy gyerek a játékboltban.

<a href="https://vada.cafeblog.hu/files/2014/05/hegyek.jpg"><img class="aligncenter size-medium wp-image-189" src="https://vada.cafeblog.hu/files/2014/05/hegyek-168x300.jpg" alt="hegyek" width="168" height="300" /></a>

Nagyon jó volt, hogy az út mentén voltak mindenféle dobozok, mindenféle színkörökkel, a színeket megnyomva láttad a fényeket, vagy ahogy a tűzoltó oltja az égő házat, hallottad a kakas kukorékolást, és a dörgést, illetve valami megmozdult.

<a href="https://vada.cafeblog.hu/files/2014/05/kocsik.jpg"><img class="aligncenter size-medium wp-image-187" src="https://vada.cafeblog.hu/files/2014/05/kocsik-300x168.jpg" alt="kocsik" width="300" height="168" /></a>

Magyarországot elhagyva, új országba léptünk és emelkedtek a hegyek. Ausztria, Bécs, majd Németországba értünk. Zseniális volt, és cukik voltak a "jelenetek".

<a href="https://vada.cafeblog.hu/files/2014/05/megfáradt-ház.jpg"><img class="aligncenter size-medium wp-image-188" src="https://vada.cafeblog.hu/files/2014/05/megfáradt-ház-300x168.jpg" alt="megfáradt ház" width="300" height="168" /></a>

De a legjobb a vége volt. Az egyik kedves úriembert kifaggattam, erről az egészről.

<a href="https://vada.cafeblog.hu/files/2014/05/mászok.jpg"><img class="aligncenter size-medium wp-image-190" src="https://vada.cafeblog.hu/files/2014/05/mászok-168x300.jpg" alt="mászok" width="168" height="300" /></a>

Elmondta, hogy az ország legjobb makettes emberéből kiválasztottak 12 embert, akik azt amit láttunk 9 hónapig építették. Lehetett látni a műszaki hátterét az egésznek, a kis kamerával egy olyan világot ami a makettek alatt futott, meséltek az áramról, a monitorokon mi történik, hogy milyen gondot jelent egy áramszünet, hogy viccelik meg őket a vonatok, ha nem fogadják a parancssort. Nagyon érdekes volt a srácokkal beszélgetni, és ezúton is köszönet a válaszokért. Nem árulok el mindent, mert akkor nem fogtok velük beszélgetni...pedig érdemes. Irigylésre méltó az amit alkottak. Gratulálok.

Aki elmegy, és akar egy kicsit játszani, az keress meg a dinoszauruszokat Magyarországon, Milka tehenet Ausztriában, és 18-as karikás jeleneteket :) Direkt nem mutatom meg a képet...mi megtaláltuk :)

Köszönet a <a href="http://www.miniversum.hu/bemutatkozas" target="_blank">Miniversum</a>nak az élményért :)

VAda

Ui: Elküldtem nekik a bejegyzést, és ezt a választ kaptam...annyira édesek! Jó hogy vannak még jó helyek Budapesten, jó fej emberekkel :) Boldogság!! :D
"Kedves VAda!
Köszönjük a beszámolót, és örülök, hogy ilyen pozitív élményekkel távoztatok!
Üdvözlettel: Attila"
